d 2806?
122
What is the greatest common divisor of 89128 and 39?
13
Calculate the greatest common divisor of 22356 and 5244.
276
Calculate the highest common factor of 6535 and 55.
5
What is the highest common divisor of 1505 and 1228940?
215
What is the highest common divisor of 18 and 17522?
2
What is the highest common divisor of 303 and 15857?
101
What is the greatest common divisor of 2198679 and 294?
147
Calculate the highest common factor of 1291221 and 171.
171
Calculate the greatest common factor of 410574 and 3198.
246
What is the greatest common divisor of 639 and 120345?
213
What is the highest common divisor of 29498 and 441?
49
What is the greatest common divisor of 812 and 4901?
29
What is the greatest common factor of 111712 and 416?
32
Calculate the greatest common divisor of 43576 and 3484.
52
Calculate the greatest common factor of 643 and 751.
1
Calculate the highest common factor of 819 and 525.
21
Calculate the highest common factor of 9217 and 5672.
709
What is the highest common divisor of 506 and 8981753?
253
What is the greatest common factor of 5279189 and 29?
29
Calculate the highest common divisor of 68 and 3077.
17
What is the highest common factor of 11219 and 446171?
863
Calculate the highest common factor of 12 and 52284.
12
Calculate the highest common factor of 91600 and 240.
80
Calculate the greatest common divisor of 44 and 39028.
44
What is the highest common divisor of 1016 and 16237204?
508
What is the highest common divisor of 98 and 41111?
49
Calculate the greatest common divisor of 2076 and 51.
3
Calculate the highest common factor of 291114 and 243.
243
What is the highest common factor of 75043 and 67613?
743
Calculate the greatest common divisor of 42430 and 20.
10
Calculate the highest common divisor of 649 and 2222.
11
What is the highest common divisor of 170 and 215475?
85
What is the greatest common divisor of 30 and 2455?
5
What is the highest common factor of 176385 and 315?
15
Calculate the greatest common factor of 187297 and 22.
11
Calculate the highest common divisor of 344 and 581403.
43
Calculate the greatest common factor of 14036 and 43802.
242
What is the highest common factor of 3007 and 12307?
31
Calculate the highest common divisor of 52934 and 56.
14
Calculate the highest common factor of 10224 and 24.
24
Calculate the highest common factor of 97040 and 208.
16
Calculate the greatest common factor of 26740 and 35980.
140
Calculate the greatest common divisor of 60 and 135440.
20
What is the greatest common divisor of 66688 and 2608?
16
What is the greatest common divisor of 801215 and 5?
5
Calculate the highest common divisor of 571242 and 609.
609
What is the greatest common divisor of 1485 and 135795?
165
Calculate the greatest common divisor of 30 and 3994.
2
What is the greatest common factor of 8327 and 286?
11
What is the highest common factor of 576 and 14832?
144
What is the greatest common factor of 51 and 24259?
17
What is the greatest common divisor of 1831336 and 312?
104
Calculate the greatest common factor of 12737 and 47.
47
What is the highest common divisor of 10015728 and 636?
636
Calculate the greatest common divisor of 1302 and 140.
14
What is the highest common factor of 11708748 and 948?
948
What is the highest common factor of 265 and 1835?
5
What is the greatest common divisor of 2193595 and 7880?
985
What is the highest common factor of 128225 and 37375?
575
What is the highest common divisor of 48074 and 65?
13
What is the greatest common factor of 21710 and 25?
5
Calculate the highest common divisor of 4578 and 1680.
42
Calculate the highest common divisor of 369 and 27.
9
What is the greatest common divisor of 64 and 3788?
4
Calculate the greatest common divisor of 539 and 951797.
77
Calculate the highest common divisor of 53 and 86496.
53
Calculate the greatest common divisor of 23843 and 339.
113
What is the greatest common factor of 10393 and 57?
19
What is the highest common factor of 168853 and 19?
19
Calculate the highest common divisor of 8441 and 4771.
367
Calculate the greatest common divisor of 20 and 1116.
4
What is the highest common divisor of 60 and 137688?
12
Calculate the greatest common factor of 76838 and 23126.
746
What is the highest common factor of 1598 and 11421?
47
Calculate the highest common factor of 97 and 8457139.
97
What is the highest common divisor of 184257 and 2655?
531
What is the greatest common factor of 552 and 371496?
552
What is the highest common divisor of 5 and 11065?
5
What is the greatest common divisor of 117 and 15028?
13
What is the greatest common divisor of 5008 and 80?
16
What is the highest common divisor of 2651364 and 282?
282
Calculate the greatest common divisor of 1498 and 4858.
14
Calculate the highest common factor of 434 and 567.
7
What is the highest common divisor of 92 and 538154?
46
Calculate the highest common divisor of 39281 and 22.
11
Calculate the highest common factor of 3596760 and 582.
582
What is the greatest common divisor of 713 and 46?
23
What is the highest common divisor of 1675 and 54337?
67
Calculate the highest common factor of 160197 and 1608.
201
What is the highest common divisor of 1918 and 261396?
274
Calculate the greatest common factor of 105 and 35679.
21
Calculate the greatest common divisor of 51910 and 580.
290
What is the greatest common divisor of 1760 and 1980?
220
What is the highest common divisor of 80314 and 104?
26
What is the highest common divisor of 1008396 and 594?
54
What is the highest common divisor of 88 and 8668?
44
Calculate the highest common divisor of 31 and 85498.
31
What is the greatest common divisor of 1503 and 4664811?
501
Calculate the greatest common divisor of 941739 and 846.
141
What is the highest common factor of 3 and 1017?
3
Calculate the highest common factor of 1495 and 2652.
13
What is the greatest common divisor of 534 and 1112144?
178
Calculate the greatest common divisor of 4738 and 46.
46
What is the greatest common divisor of 1321 and 11?
1
Calculate the greatest common divisor of 44 and 385.
11
Calculate the greatest common divisor of 6130443 and 506.
253
What is the greatest common divisor of 6876 and 5112?
36
Calculate the greatest common divisor of 36 and 2952252.
36
Calculate the greatest common divisor of 1675 and 9000.
25
Calculate the greatest common factor of 392 and 9359.
49
Calculate the greatest common divisor of 60291 and 406.
203
Calculate the greatest common divisor of 689833 and 114.
19
What is the highest common divisor of 112716 and 36828?
1116
What is the highest common factor of 34609 and 371?
53
What is the highest common divisor of 28 and 1218000?
28
What is the greatest common factor of 18811 and 351?
13
What is the greatest common divisor of 360 and 5744?
8
Calculate the highest common factor of 29222 and 551.
19
Calculate the greatest common factor of 92234 and 1819.
107
What is the highest common factor of 1708 and 32879?
427
What is the highest common factor of 434 and 5572?
14
What is the highest common divisor of 96 and 11283?
3
What is the greatest common factor of 535 and 1355?
5
What is the highest common divisor of 965750 and 1750?
250
What is the highest common divisor of 1755675 and 850?
425
Calculate the highest common factor of 325160 and 6600.
440
Calculate the highest common factor of 29296 and 176.
16
Calculate the greatest common divisor of 8 and 960096.
8
Calculate the highest common factor of 320994 and 918.
306
Calculate the greatest common divisor of 220 and 180.
20
What is the greatest common factor of 4223 and 2575?
103
What is the highest common divisor of 212164 and 708?
236
What is the greatest common factor of 9 and 1321?
1
What is the highest common factor of 4246 and 5137?
11
What is the highest common factor of 119007 and 441?
63
What is the greatest common factor of 13640 and 93?
31
What is the highest common factor of 900 and 1476?
36
What is the greatest common factor of 55830 and 2340?
30
What is the greatest common factor of 31956 and 876?
12
What is the highest common divisor of 144 and 1710972?
36
What is the highest common divisor of 193499 and 115?
23
Calculate the highest common divisor of 4 and 12356.
4
Calculate the greatest common divisor of 736 and